{"id":1364,"date":"2021-07-19T11:15:47","date_gmt":"2021-07-19T09:15:47","guid":{"rendered":"http:\/\/biodiversite-amazonienne.org\/?page_id=1364"},"modified":"2021-07-19T11:15:48","modified_gmt":"2021-07-19T09:15:48","slug":"la-turbera","status":"publish","type":"page","link":"https:\/\/biodiversite-amazonienne.org\/index.php\/es\/la-turbera\/","title":{"rendered":"La turbera"},"content":{"rendered":"\n<p><strong><span style=\"text-decoration: underline;\">Las turberas, un ecosistema clave en la Concesi\u00f3n de Conservaci\u00f3n Yanayacu-Maquia<\/span><\/strong><\/p>\n\n\n\n<p>\u00bfLa \u00ab\u00a0turbera\u00a0\u00bb? Probablemente esta palabra signifique algo para ti\u2026 Te contamos m\u00e1s.<\/p>\n\n\n\n<p><u>La turbera de Maquia, un ecosistema espec\u00edfico<\/u><\/p>\n\n\n\n<div class=\"wp-block-image\"><figure class=\"alignright size-large is-resized\"><img loading=\"lazy\" src=\"http:\/\/biodiversite-amazonienne.org\/wp-content\/uploads\/2021\/06\/image-1.png\" alt=\"\" class=\"wp-image-1234\" width=\"407\" height=\"281\" srcset=\"https:\/\/biodiversite-amazonienne.org\/wp-content\/uploads\/2021\/06\/image-1.png 393w, https:\/\/biodiversite-amazonienne.org\/wp-content\/uploads\/2021\/06\/image-1-300x208.png 300w\" sizes=\"(max-width: 407px) 100vw, 407px\" \/><figcaption>Foto de la turbera de Maquia en la Concesi\u00f3n de Conservaci\u00f3n Yanayacu-Maquia en Per\u00fa (Fuente: Biodiversit\u00e9 Amazonienne, 2017.)<\/figcaption><\/figure><\/div>\n\n\n\n<p>La Concesi\u00f3n de Conservaci\u00f3n Yanayacu-Maquia, con una superficie total de 38.699 ha, es aproximadamente cuatro veces el tama\u00f1o de Par\u00eds, en plena Amazonia peruana. Dentro de la concesi\u00f3n, est\u00e1n representados 7 ecosistemas forestales, uno de los cuales es la turbera. El \u00e1rea de turberas de la Concesi\u00f3n Yanayacu-Maquia se estima en 7.000 ha, es decir, el 15% del \u00e1rea total de la Concesi\u00f3n. Seg\u00fan las comunidades rurales que viven en la zona, m\u00e1s de 50 especies vegetales de este ecosistema se utilizan para la construcci\u00f3n, la alimentaci\u00f3n, la medicina y la econom\u00eda formal. Tambi\u00e9n es un refugio para la biodiversidad. En efecto, adem\u00e1s de las numerosas especies de peces, anfibios y reptiles, la ci\u00e9naga de Maquia se compone de aguajes (Mauritia fluexosa), una especie arb\u00f3rea espec\u00edfica de este ecosistema del Amazonas. Estos \u00e1rboles producen frutos abundantes y muy nutritivos que atraen a una fauna diversa y densa que incluye monos, tapires, pecar\u00edes, guacamayos, etc.<\/p>\n\n\n\n<p><u>Pero, \u00bfqu\u00e9 es exactamente una turbera?<\/u><\/p>\n\n\n\n<p>Una turbera es un ecosistema que se caracteriza, en primer lugar, por un suelo permanentemente saturado de agua estancada o muy escasa. Esto priva a los microorganismos (bacterias y hongos) responsables de la descomposici\u00f3n y el reciclaje de la materia org\u00e1nica del ox\u00edgeno necesario para su metabolismo. En estas condiciones asfixiantes (anaerobiosis), la hojarasca vegetal se mineraliza muy lenta y parcialmente. Luego se acumula gradualmente, formando un dep\u00f3sito de materia org\u00e1nica poco o nada descompuesta: la turba.<\/p>\n\n\n\n<p>La turba es una verdadera roca vegetal f\u00f3sil y, por tanto, un suelo org\u00e1nico resultante de la degradaci\u00f3n incompleta de los restos vegetales en un medio saturado de agua. Contiene al menos un 20% de carbono (30% en el caso de la turba rica en arcilla) y puede acumularse en varios metros de espesor, a un ritmo medio de 0,2 a 1 mm por a\u00f1o.<\/p>\n\n\n\n<p><u>Et quel est le r\u00f4le des tourbi\u00e8res pour l\u2019environnement\u00a0?<\/u><\/p>\n\n\n\n<p>Las turberas desempe\u00f1an tres funciones principales para el medio ambiente:<\/p>\n\n\n\n<ul><li>Para el <strong>agua<\/strong>: act\u00faa como filtro de minerales y absorbe el exceso de agua evitando las inundaciones<\/li><li>Para la <strong>vida<\/strong>: como h\u00e1bitat espec\u00edfico para muchas especies<\/li><li>Para los <strong>gases de efecto invernadero<\/strong>: como \u00ab\u00a0<strong>pozo de carbono<\/strong>\u00ab\u00a0<\/li><\/ul>\n\n\n\n<p><strong><u>\u00bfPor qu\u00e9 es tan importante conservar las turberas?<\/u><\/strong><\/p>\n\n\n\n<p>Se calcula que s\u00f3lo las turberas contienen aproximadamente un tercio de todo el carbono del suelo del mundo\u2026 <strong>Y las turberas \u00ab\u00a0tropicales\u00a0\u00bb almacenan el doble de carbono que todos los bosques del mundo.<\/strong><\/p>\n\n\n\n<p>Una turbera funcional es, por tanto, un ecosistema que tiene la capacidad de:<\/p>\n\n\n\n<ul><li>Acumular carbono, que mitiga los efectos del cambio clim\u00e1tico<\/li><li>Regular los flujos de agua, mitigando as\u00ed las inundaciones en \u00e9pocas de lluvia<\/li><li>Apoyar una gran variedad de h\u00e1bitats y especies, lo que constituye una fuente de biodiversidad<\/li><li>Acumular materia org\u00e1nica en sus capas de suelo a lo largo de miles de a\u00f1os, lo que nos habla del pasado.<\/li><\/ul>\n\n\n\n<figure class=\"wp-block-table\"><table class=\"has-subtle-pale-blue-background-color has-background\"><tbody><tr><td><u>\u00bfCu\u00e1les ser\u00edan las consecuencias de su degradaci\u00f3n?<\/u><br>Por lo tanto, la degradaci\u00f3n de la turbera de Maquia afectar\u00eda a sus 3 funciones principales para el medio ambiente. Por el agua, por la vida y por el carbono. En efecto, si la turbera de Maquia se degradara gravemente, su funci\u00f3n de regulaci\u00f3n de los flujos de agua afectar\u00eda fuertemente a las poblaciones de la zona por el aumento de las inundaciones en la estaci\u00f3n de las lluvias. Por otro lado, esto llevar\u00eda a la p\u00e9rdida de su biodiversidad espec\u00edfica. Por \u00faltimo, la degradaci\u00f3n de la turbera, unida a los efectos del cambio clim\u00e1tico, provocar\u00eda la liberaci\u00f3n inmediata de parte de sus reservas de CO2 a la atm\u00f3sfera. Esto parece ser una preocupaci\u00f3n internacional en este momento.<\/td><\/tr><\/tbody><\/table><\/figure>\n\n\n\n<div class=\"wp-block-image\"><figure class=\"alignleft size-large is-resized\"><img loading=\"lazy\" src=\"http:\/\/biodiversite-amazonienne.org\/wp-content\/uploads\/2021\/06\/Logo-BA-transparent-1024x724.png\" alt=\"\" class=\"wp-image-1049\" width=\"142\" height=\"99\" srcset=\"https:\/\/biodiversite-amazonienne.org\/wp-content\/uploads\/2021\/06\/Logo-BA-transparent-1024x724.png 1024w, https:\/\/biodiversite-amazonienne.org\/wp-content\/uploads\/2021\/06\/Logo-BA-transparent-300x212.png 300w, https:\/\/biodiversite-amazonienne.org\/wp-content\/uploads\/2021\/06\/Logo-BA-transparent-768x543.png 768w, https:\/\/biodiversite-amazonienne.org\/wp-content\/uploads\/2021\/06\/Logo-BA-transparent-1536x1086.png 1536w, https:\/\/biodiversite-amazonienne.org\/wp-content\/uploads\/2021\/06\/Logo-BA-transparent-2048x1448.png 2048w\" sizes=\"(max-width: 142px) 100vw, 142px\" \/><\/figure><\/div>\n\n\n\n<p>Por ello, la Asociaci\u00f3n Biodiversidad Amaz\u00f3nica presta especial atenci\u00f3n a la conservaci\u00f3n de la ci\u00e9naga de Maquia a trav\u00e9s de las actividades de seguimiento de sus ecoguardas locales y de la investigaci\u00f3n cient\u00edfica aplicada en la zona de Maquia. Desde 2011, se han realizado estudios cient\u00edficos en esta zona de la Concesi\u00f3n. Maquia Bog ha sido objeto de numerosos estudios de campo para la investigaci\u00f3n de la tesis del Dr. Outi Lahteenoja, estudiante de doctorado de la Universidad de Turku en Finlandia.<\/p>\n\n\n\n<div class=\"wp-block-image\"><figure class=\"alignleft size-large is-resized\"><img loading=\"lazy\" src=\"http:\/\/biodiversite-amazonienne.org\/wp-content\/uploads\/2021\/04\/Logo-Cadillo-Lab-e1618503545629.png\" alt=\"\" class=\"wp-image-875\" width=\"140\" height=\"54\"\/><\/figure><\/div>\n\n\n\n<p>Desde 2015, la Universidad de Arizona, con sede en Estados Unidos, tambi\u00e9n trabaja en la Maquia Bog. Su equipo de cient\u00edficos, dirigido por Hinsby Cadillo, est\u00e1 especialmente interesado en la din\u00e1mica de los flujos de carbono en el suelo y la vegetaci\u00f3n de la turbera. En junio de 2019, los ecoguardas y las comunidades locales construyeron una base forestal cerca de la ci\u00e9naga para alojar a los equipos cient\u00edficos durante los estudios de campo. A finales de julio de 2019 est\u00e1 previsto un estudio espec\u00edfico por parte del equipo de la Universidad de Arizona apoyado por nuestros socios peruanos de la Universidad Nacional de la Amazon\u00eda Peruana. Los resultados deben ser seguidos\u2026<\/p>\n\n\n\n<p>\u00bfAhora sabe un poco m\u00e1s sobre las turberas?<\/p>\n\n\n\n<p>\u00bfEst\u00e1 convencido de su importancia para el medio ambiente?<\/p>\n\n\n\n<p><strong>Si quiere saber m\u00e1s sobre este ecosistema y sus especificidades, le invitamos a ver estos dos breves v\u00eddeos:<\/strong><\/p>\n\n\n\n<ul><li><strong><a href=\"https:\/\/forestsnews.cifor.org\/23049\/un-projet-vise-a-reveler-les-mysteres-des-tourbieres-du-perou?fnl=fr\">El proyecto de CIFOR<\/a><\/strong><\/li><li><strong><a href=\"https:\/\/www.youtube.com\/watch?v=xqLztE7EeH4\">Las turberas de la cuenca del Congo<\/a><\/strong><\/li><\/ul>\n","protected":false},"excerpt":{"rendered":"<p>Las turberas, un ecosistema clave en la Concesi\u00f3n de Conservaci\u00f3n Yanayacu-Maquia \u00bfLa \u00ab\u00a0turbera\u00a0\u00bb? Probablemente esta palabra signifique algo para ti\u2026 Te contamos m\u00e1s. La turbera de Maquia, un ecosistema espec\u00edfico La Concesi\u00f3n de Conservaci\u00f3n Yanayacu-Maquia, con una superficie total de 38.699 ha, es aproximadamente cuatro veces el tama\u00f1o de Par\u00eds, en plena Amazonia peruana. Dentro &hellip; <\/p>\n<p class=\"link-more\"><a href=\"https:\/\/biodiversite-amazonienne.org\/index.php\/es\/la-turbera\/\" class=\"more-link\">Continuer la lecture<span class=\"screen-reader-text\"> de &laquo;&nbsp;La turbera&nbsp;&raquo;<\/span><\/a><\/p>\n","protected":false},"author":1,"featured_media":0,"parent":0,"menu_order":0,"comment_status":"closed","ping_status":"closed","template":"","meta":[],"_links":{"self":[{"href":"https:\/\/biodiversite-amazonienne.org\/index.php\/wp-json\/wp\/v2\/pages\/1364"}],"collection":[{"href":"https:\/\/biodiversite-amazonienne.org\/index.php\/wp-json\/wp\/v2\/pages"}],"about":[{"href":"https:\/\/biodiversite-amazonienne.org\/index.php\/wp-json\/wp\/v2\/types\/page"}],"author":[{"embeddable":true,"href":"https:\/\/biodiversite-amazonienne.org\/index.php\/wp-json\/wp\/v2\/users\/1"}],"replies":[{"embeddable":true,"href":"https:\/\/biodiversite-amazonienne.org\/index.php\/wp-json\/wp\/v2\/comments?post=1364"}],"version-history":[{"count":1,"href":"https:\/\/biodiversite-amazonienne.org\/index.php\/wp-json\/wp\/v2\/pages\/1364\/revisions"}],"predecessor-version":[{"id":1366,"href":"https:\/\/biodiversite-amazonienne.org\/index.php\/wp-json\/wp\/v2\/pages\/1364\/revisions\/1366"}],"wp:attachment":[{"href":"https:\/\/biodiversite-amazonienne.org\/index.php\/wp-json\/wp\/v2\/media?parent=1364"}],"curies":[{"name":"wp","href":"https:\/\/api.w.org\/{rel}","templated":true}]}}