{"id":620,"date":"2018-07-30T18:08:34","date_gmt":"2018-07-30T16:08:34","guid":{"rendered":"http:\/\/biodiversite-amazonienne.org\/?page_id=620"},"modified":"2023-07-06T19:43:19","modified_gmt":"2023-07-06T17:43:19","slug":"partenaires","status":"publish","type":"page","link":"https:\/\/biodiversite-amazonienne.org\/index.php\/partenaires\/","title":{"rendered":"Partenaires"},"content":{"rendered":"\n<figure class=\"wp-block-image size-large is-resized\"><img loading=\"lazy\" src=\"https:\/\/biodiversite-amazonienne.org\/wp-content\/uploads\/2023\/07\/download-2.png\" alt=\"\" class=\"wp-image-1678\" width=\"254\" height=\"80\" srcset=\"https:\/\/biodiversite-amazonienne.org\/wp-content\/uploads\/2023\/07\/download-2.png 398w, https:\/\/biodiversite-amazonienne.org\/wp-content\/uploads\/2023\/07\/download-2-300x95.png 300w\" sizes=\"(max-width: 254px) 100vw, 254px\" \/><\/figure>\n\n\n\n<p>Le <strong><a href=\"https:\/\/www.agencemicroprojets.org\/\" target=\"_blank\" rel=\"noreferrer noopener\">p\u00f4le Microprojets<\/a> <\/strong>est un programme de l\u2019ONG la Guilde en partenariat avec l\u2019Agence fran\u00e7aise de d\u00e9veloppement (AFD). Son objectif est d\u2019incuber des initiatives de solidarit\u00e9 internationale \u00e0 travers la valorisation des associations fran\u00e7aises de solidarit\u00e9 internationale et de leur partenaire local, ainsi que le soutien aux microprojets de d\u00e9veloppement \u00e0 l\u2019international.<\/p>\n\n\n\n<hr class=\"wp-block-separator is-style-dots\"\/>\n\n\n\n<figure class=\"wp-block-image size-large is-resized\"><img loading=\"lazy\" src=\"https:\/\/biodiversite-amazonienne.org\/wp-content\/uploads\/2023\/07\/envol_vertArtboard-1svg-1.png\" alt=\"\" class=\"wp-image-1679\" width=\"103\" height=\"60\" srcset=\"https:\/\/biodiversite-amazonienne.org\/wp-content\/uploads\/2023\/07\/envol_vertArtboard-1svg-1.png 366w, https:\/\/biodiversite-amazonienne.org\/wp-content\/uploads\/2023\/07\/envol_vertArtboard-1svg-1-300x175.png 300w\" sizes=\"(max-width: 103px) 100vw, 103px\" \/><\/figure>\n\n\n\n<p><strong><a href=\"https:\/\/envol-vert.org\/\" target=\"_blank\" rel=\"noreferrer noopener\">Envol vert<\/a><\/strong> est une association fran\u00e7aise de protection de la for\u00eat, de la biodiversit\u00e9 et de d\u00e9veloppement rural. Elle accompagne des porteurs de\u00a0projets dans les pays les plus d\u00e9favoris\u00e9s et en France, tout en cr\u00e9ant des liens forts avec les populations locales pour favoriser leurs initiatives de pr\u00e9servation, participer \u00e0 un d\u00e9veloppement rural soutenable et d\u00e9velopper des alternatives \u00e9conomiques \u00e0 la d\u00e9forestation. Depuis 2017, l\u2019association Envol Vert est un partenaire technique cl\u00e9 du projet port\u00e9 par Biodiversit\u00e9 Amazonienne.<\/p>\n\n\n\n<hr class=\"wp-block-separator is-style-dots\"\/>\n\n\n\n<figure class=\"wp-block-image size-large is-resized\"><img loading=\"lazy\" src=\"https:\/\/biodiversite-amazonienne.org\/wp-content\/uploads\/2023\/07\/images-1-1.png\" alt=\"\" class=\"wp-image-1684\" width=\"155\" height=\"93\"\/><\/figure>\n\n\n\n<p><a href=\"https:\/\/fondationfranklinia.org\/arbres-menaces-amazonie-peruvienne\/\" target=\"_blank\" rel=\"noreferrer noopener\"><strong>La Fondation Franklinia<\/strong><\/a>\u00a0soutient des projets permettant de pr\u00e9server les esp\u00e8ces d\u2019arbres menac\u00e9es de par le monde, d\u2019\u00e9viter leur extinction et d\u2019am\u00e9liorer leur \u00e9tat de conservation. C\u2019est pour cette raison qu\u2019elle apporte son appui \u00e0 la Concession de Conservation Yanaycu-Maquia.<\/p>\n\n\n\n<hr class=\"wp-block-separator is-style-dots\"\/>\n\n\n\n<figure class=\"wp-block-image size-large is-resized\"><img loading=\"lazy\" src=\"https:\/\/biodiversite-amazonienne.org\/wp-content\/uploads\/2023\/07\/download-3.png\" alt=\"\" class=\"wp-image-1686\" width=\"109\" height=\"110\" srcset=\"https:\/\/biodiversite-amazonienne.org\/wp-content\/uploads\/2023\/07\/download-3.png 223w, https:\/\/biodiversite-amazonienne.org\/wp-content\/uploads\/2023\/07\/download-3-150x150.png 150w, https:\/\/biodiversite-amazonienne.org\/wp-content\/uploads\/2023\/07\/download-3-100x100.png 100w\" sizes=\"(max-width: 109px) 100vw, 109px\" \/><\/figure>\n\n\n\n<p>La <a href=\"https:\/\/www.paris.fr\/\" target=\"_blank\" rel=\"noreferrer noopener\"><strong>ville de Paris<\/strong><\/a> soutient Biodiversit\u00e9 Amazonienne \u00e0 travers le Label SOLIDEV. Celui-ci vise \u00e0 soutenir des associations parisiennes menant des actions de solidarit\u00e9 internationale sur les th\u00e9matiques du d\u00e9veloppement telles qu\u2019elles ont \u00e9t\u00e9 \u00e9nonc\u00e9es par l\u2019Organisation des Nations Unies dans les Objectifs du D\u00e9veloppement Durable.<\/p>\n\n\n\n<hr class=\"wp-block-separator is-style-dots\"\/>\n\n\n\n<figure class=\"wp-block-image size-large is-resized\"><img loading=\"lazy\" src=\"https:\/\/biodiversite-amazonienne.org\/wp-content\/uploads\/2023\/07\/LOGO_PR_1_RVB-1024x249.png\" alt=\"\" class=\"wp-image-1687\" width=\"211\" height=\"51\" srcset=\"https:\/\/biodiversite-amazonienne.org\/wp-content\/uploads\/2023\/07\/LOGO_PR_1_RVB-1024x249.png 1024w, https:\/\/biodiversite-amazonienne.org\/wp-content\/uploads\/2023\/07\/LOGO_PR_1_RVB-300x73.png 300w, https:\/\/biodiversite-amazonienne.org\/wp-content\/uploads\/2023\/07\/LOGO_PR_1_RVB-768x187.png 768w, https:\/\/biodiversite-amazonienne.org\/wp-content\/uploads\/2023\/07\/LOGO_PR_1_RVB-1536x374.png 1536w, https:\/\/biodiversite-amazonienne.org\/wp-content\/uploads\/2023\/07\/LOGO_PR_1_RVB-2048x498.png 2048w\" sizes=\"(max-width: 211px) 100vw, 211px\" \/><\/figure>\n\n\n\n<p><a href=\"https:\/\/plantandbreath.com\/\" target=\"_blank\" rel=\"noreferrer noopener\"><strong>Plantez Respirez<\/strong><\/a>\u00a0propose aux entreprises d\u2019implanter dans leurs bureaux des \u00eelots v\u00e9g\u00e9taux pour am\u00e9liorer la qualit\u00e9 de l\u2019air et sensibiliser sur la diversit\u00e9 des origines des plantes d\u2019int\u00e9rieur et leur l\u2019importance pour la biodiversit\u00e9. Ils en assurent \u00e9galement le suivi et l\u2019entretien. Depuis Octobre 2019 Plantez Respirez s\u2019engage \u00e0 soutenir la pr\u00e9servation de 2 hectares de for\u00eats primaires amazoniennes pour chaque \u00eelot v\u00e9g\u00e9tal install\u00e9, dans le cadre du projet\u00a0Yanayacu-Maquia.<\/p>\n\n\n\n<hr class=\"wp-block-separator is-style-dots\"\/>\n\n\n\n<figure class=\"wp-block-image size-large is-resized\"><img loading=\"lazy\" src=\"https:\/\/biodiversite-amazonienne.org\/wp-content\/uploads\/2023\/07\/alpaga-logo-1572520373.jpg\" alt=\"\" class=\"wp-image-1688\" width=\"124\" height=\"111\"\/><\/figure>\n\n\n\n<p><strong><a rel=\"noreferrer noopener\" href=\"https:\/\/alpagalemonde.com\/\" target=\"_blank\">Alpaga Le Monde<\/a><\/strong>\u00a0est une soci\u00e9t\u00e9 franco-p\u00e9ruvienne, bas\u00e9e \u00e0 Nantes, qui propose des v\u00eatements et accessoires de maison en laine d\u2019alpaga. Elle a pour cela construit des partenariats \u00e9thiques au P\u00e9rou, prenant en compte \u00e0 la fois la protection de l\u2019environnement et les conditions sociales des \u00e9leveurs, travailleurs et artisans. ALM soutient Envol Vert depuis 2020.<\/p>\n\n\n\n<hr class=\"wp-block-separator is-style-dots\"\/>\n\n\n\n<figure class=\"wp-block-image size-large is-resized\"><img loading=\"lazy\" src=\"https:\/\/biodiversite-amazonienne.org\/wp-content\/uploads\/2023\/07\/download-4.png\" alt=\"\" class=\"wp-image-1689\" width=\"213\" height=\"78\"\/><\/figure>\n\n\n\n<p>Dans le cadre de son action \u00e0 l\u2019internationale,\u00a0<a href=\"https:\/\/www.laregion.fr\/\" target=\"_blank\" rel=\"noreferrer noopener\"><strong>la R\u00e9gion Occitanie Pyr\u00e9n\u00e9es-M\u00e9diterran\u00e9e<\/strong><\/a>\u00a0soutient les initiatives solidaires port\u00e9es par des associations du territoire en partenariat avec des associations locales des pays concern\u00e9s.<\/p>\n\n\n\n<hr class=\"wp-block-separator is-style-dots\"\/>\n\n\n\n<figure class=\"wp-block-image size-large is-resized\"><img loading=\"lazy\" src=\"https:\/\/biodiversite-amazonienne.org\/wp-content\/uploads\/2023\/07\/download-5.png\" alt=\"\" class=\"wp-image-1690\" width=\"141\" height=\"80\"\/><\/figure>\n\n\n\n<p>En 2018, nous avons sign\u00e9 un contrat de cinq ans avec le <a href=\"https:\/\/cadillo.lab.asu.edu\/\" target=\"_blank\" rel=\"noreferrer noopener\"><strong>Laboratoire d&rsquo;Ecologie et d&rsquo;Evolution Microbiennes de l&rsquo;Universit\u00e9 d&rsquo;Etat de l&rsquo;Arizona<\/strong><\/a> aux Etats-Unis pour mener des \u00e9tudes scientifiques sur le r\u00f4le des grands \u00e9cosyst\u00e8mes dans la d\u00e9termination et la r\u00e9duction des taux de CH4 et de CO2 atmosph\u00e9rique et son importance dans le contexte du changement climatique mondial actuel.<\/p>\n\n\n\n<hr class=\"wp-block-separator is-style-dots\"\/>\n\n\n\n<figure class=\"wp-block-image size-large is-resized\"><img loading=\"lazy\" src=\"https:\/\/biodiversite-amazonienne.org\/wp-content\/uploads\/2023\/07\/download-1.jpg\" alt=\"\" class=\"wp-image-1691\" width=\"169\" height=\"84\" srcset=\"https:\/\/biodiversite-amazonienne.org\/wp-content\/uploads\/2023\/07\/download-1.jpg 319w, https:\/\/biodiversite-amazonienne.org\/wp-content\/uploads\/2023\/07\/download-1-300x149.jpg 300w\" sizes=\"(max-width: 169px) 100vw, 169px\" \/><\/figure>\n\n\n\n<p><a href=\"http:\/\/web.archive.org\/web\/20201205122158\/http:\/\/www.unapiquitos.edu.pe\/\" target=\"_blank\" rel=\"noreferrer noopener\"><strong>L\u2019Universit\u00e9 Nationale de l\u2019Amazonie P\u00e9ruvienne<\/strong><\/a>\u00a0d\u2019Iquitos au P\u00e9rou collabore depuis 2014 avec Biodiversit\u00e9 Amazonienne pour effectuer des \u00e9tudes scientifiques dans la plus grande tourbi\u00e8re recouvrant la concession de conservation Yanayacu-Maquia.<\/p>\n\n\n\n<hr class=\"wp-block-separator is-style-dots\"\/>\n\n\n\n<figure class=\"wp-block-image size-large\"><img loading=\"lazy\" width=\"275\" height=\"50\" src=\"https:\/\/biodiversite-amazonienne.org\/wp-content\/uploads\/2023\/07\/logo.jpg\" alt=\"\" class=\"wp-image-1660\"\/><\/figure>\n\n\n\n<p>En 2012, <a href=\"https:\/\/www.gualaclosures.com\/\" target=\"_blank\" rel=\"noreferrer noopener\"><strong>Guala Closures Group<\/strong><\/a> a compens\u00e9 les \u00e9missions de CO2 g\u00e9n\u00e9r\u00e9es par la production de 500 millions de capsules \u00e0 vis pour le vin par le biais du projet de reforestation au P\u00e9rou, dans la r\u00e9serve Yanayacu-Maqu\u00eea.<\/p>\n\n\n\n<hr class=\"wp-block-separator is-style-dots\"\/>\n\n\n\n<figure class=\"wp-block-image size-large is-resized\"><img loading=\"lazy\" src=\"https:\/\/biodiversite-amazonienne.org\/wp-content\/uploads\/2023\/07\/NOUVEAU-logo-Up2green-pour-fonds-fonces-1-1024x337.png\" alt=\"\" class=\"wp-image-1662\" width=\"169\" height=\"56\" srcset=\"https:\/\/biodiversite-amazonienne.org\/wp-content\/uploads\/2023\/07\/NOUVEAU-logo-Up2green-pour-fonds-fonces-1-1024x337.png 1024w, https:\/\/biodiversite-amazonienne.org\/wp-content\/uploads\/2023\/07\/NOUVEAU-logo-Up2green-pour-fonds-fonces-1-300x99.png 300w, https:\/\/biodiversite-amazonienne.org\/wp-content\/uploads\/2023\/07\/NOUVEAU-logo-Up2green-pour-fonds-fonces-1-768x253.png 768w, https:\/\/biodiversite-amazonienne.org\/wp-content\/uploads\/2023\/07\/NOUVEAU-logo-Up2green-pour-fonds-fonces-1-1536x505.png 1536w, https:\/\/biodiversite-amazonienne.org\/wp-content\/uploads\/2023\/07\/NOUVEAU-logo-Up2green-pour-fonds-fonces-1-2048x673.png 2048w\" sizes=\"(max-width: 169px) 100vw, 169px\" \/><\/figure>\n\n\n\n<p><a href=\"https:\/\/up2green.com\/\" target=\"_blank\" rel=\"noreferrer noopener\"><strong>Up2green<\/strong><\/a> est une ONG fran\u00e7aise d&rsquo;int\u00e9r\u00eat g\u00e9n\u00e9ral cr\u00e9\u00e9e en 2009. Nous r\u00e9pondons, par des actions de terrain, aux enjeux environnementaux et socio-\u00e9conomiques li\u00e9s au d\u00e9r\u00e8glement climatique. Nous mettons en \u0153uvre, avec les populations locales, des programmes de reforestation, agroforesterie, protection des \u00e9cosyst\u00e8mes et des ressources en eau. Partenaire avec Biodiversit\u00e9 Amazonienne pour la plantation de 30 000 en 2012.<\/p>\n\n\n\n<hr class=\"wp-block-separator is-style-dots\"\/>\n\n\n\n<figure class=\"wp-block-image size-large is-resized\"><img loading=\"lazy\" src=\"https:\/\/biodiversite-amazonienne.org\/wp-content\/uploads\/2023\/07\/Capture-de\u0301cran-2023-07-06-a\u0300-11.10.51.png\" alt=\"\" class=\"wp-image-1664\" width=\"181\" height=\"97\"\/><\/figure>\n\n\n\n<p><a href=\"https:\/\/www.ecocert.com\/es-PE\/home\" target=\"_blank\" rel=\"noreferrer noopener\"><strong>Ecocert<\/strong><\/a> est un\u00a0organisme de contr\u00f4le international,\u00a0cr\u00e9\u00e9e en 1991 agissant comme\u00a0<a rel=\"noreferrer noopener\" href=\"https:\/\/fr.wikipedia.org\/wiki\/Certification\" target=\"_blank\">certificateur<\/a>\u00a0et\u00a0utilisant son nom comme\u00a0<a rel=\"noreferrer noopener\" href=\"https:\/\/fr.wikipedia.org\/wiki\/Marque_de_certification\" target=\"_blank\">marque de certification<\/a>, notamment pour l\u2019<a rel=\"noreferrer noopener\" href=\"https:\/\/fr.wikipedia.org\/wiki\/Agriculture_biologique\" target=\"_blank\">agriculture biologique<\/a>.\u00a0Ecocert\u00a0a supervis\u00e9 la plantation de 30.000 arbres de la concession Yanayacu-Maqu\u00eea.<\/p>\n\n\n\n<hr class=\"wp-block-separator is-style-dots\"\/>\n\n\n\n<figure class=\"wp-block-image size-large is-resized\"><img loading=\"lazy\" src=\"https:\/\/biodiversite-amazonienne.org\/wp-content\/uploads\/2023\/07\/download-1.png\" alt=\"\" class=\"wp-image-1665\" width=\"110\" height=\"110\" srcset=\"https:\/\/biodiversite-amazonienne.org\/wp-content\/uploads\/2023\/07\/download-1.png 225w, https:\/\/biodiversite-amazonienne.org\/wp-content\/uploads\/2023\/07\/download-1-150x150.png 150w, https:\/\/biodiversite-amazonienne.org\/wp-content\/uploads\/2023\/07\/download-1-100x100.png 100w\" sizes=\"(max-width: 110px) 100vw, 110px\" \/><\/figure>\n\n\n\n<p><a href=\"https:\/\/www.gob.pe\/iiap\" target=\"_blank\" rel=\"noreferrer noopener\"><strong>IIAP<\/strong><\/a> g\u00e9n\u00e8re et fournit des connaissances scientifiques et technologiques sur la diversit\u00e9 biologique et socioculturelle de l&rsquo;Amazonie, au profit de sa population et des d\u00e9cideurs. IIAP et Biodiversit\u00e9 Amazonienne ont sign\u00e9e un contrat pour travailler ensemble.<\/p>\n\n\n\n<hr class=\"wp-block-separator is-style-dots\"\/>\n","protected":false},"excerpt":{"rendered":"<p>Le p\u00f4le Microprojets est un programme de l\u2019ONG la Guilde en partenariat avec l\u2019Agence fran\u00e7aise de d\u00e9veloppement (AFD). Son objectif est d\u2019incuber des initiatives de solidarit\u00e9 internationale \u00e0 travers la valorisation des associations fran\u00e7aises de solidarit\u00e9 internationale et de leur partenaire local, ainsi que le soutien aux microprojets de d\u00e9veloppement \u00e0 l\u2019international. Envol vert est &hellip; <\/p>\n<p class=\"link-more\"><a href=\"https:\/\/biodiversite-amazonienne.org\/index.php\/partenaires\/\" class=\"more-link\">Continuer la lecture<span class=\"screen-reader-text\"> de &laquo;&nbsp;Partenaires&nbsp;&raquo;<\/span><\/a><\/p>\n","protected":false},"author":1,"featured_media":0,"parent":0,"menu_order":0,"comment_status":"closed","ping_status":"closed","template":"","meta":[],"_links":{"self":[{"href":"https:\/\/biodiversite-amazonienne.org\/index.php\/wp-json\/wp\/v2\/pages\/620"}],"collection":[{"href":"https:\/\/biodiversite-amazonienne.org\/index.php\/wp-json\/wp\/v2\/pages"}],"about":[{"href":"https:\/\/biodiversite-amazonienne.org\/index.php\/wp-json\/wp\/v2\/types\/page"}],"author":[{"embeddable":true,"href":"https:\/\/biodiversite-amazonienne.org\/index.php\/wp-json\/wp\/v2\/users\/1"}],"replies":[{"embeddable":true,"href":"https:\/\/biodiversite-amazonienne.org\/index.php\/wp-json\/wp\/v2\/comments?post=620"}],"version-history":[{"count":42,"href":"https:\/\/biodiversite-amazonienne.org\/index.php\/wp-json\/wp\/v2\/pages\/620\/revisions"}],"predecessor-version":[{"id":1700,"href":"https:\/\/biodiversite-amazonienne.org\/index.php\/wp-json\/wp\/v2\/pages\/620\/revisions\/1700"}],"wp:attachment":[{"href":"https:\/\/biodiversite-amazonienne.org\/index.php\/wp-json\/wp\/v2\/media?parent=620"}],"curies":[{"name":"wp","href":"https:\/\/api.w.org\/{rel}","templated":true}]}}